actor of 67104 and 6624.
288
What is the highest common divisor of 13140 and 54?
18
What is the highest common divisor of 33 and 178431?
33
Calculate the greatest common factor of 6300 and 376600.
700
What is the greatest common divisor of 671 and 40809?
61
What is the highest common divisor of 69012 and 1836?
108
Calculate the greatest common factor of 19590 and 30.
30
Calculate the greatest common divisor of 4272 and 91492.
356
Calculate the greatest common divisor of 1939 and 6209.
7
Calculate the greatest common factor of 2551 and 2.
1
Calculate the highest common divisor of 514 and 124.
2
Calculate the highest common divisor of 1380 and 122130.
690
Calculate the greatest common divisor of 86792 and 1539.
19
Calculate the greatest common divisor of 13711056 and 246.
246
Calculate the highest common divisor of 1011994 and 622.
622
What is the greatest common factor of 1528956 and 18?
18
Calculate the greatest common divisor of 6282 and 11866.
698
Calculate the greatest common factor of 68 and 3491188.
68
What is the highest common factor of 6 and 54940?
2
Calculate the highest common factor of 8050 and 326186.
322
Calculate the highest common factor of 270 and 1090.
10
What is the highest common divisor of 209 and 20944?
11
Calculate the greatest common divisor of 3047 and 147918.
277
What is the greatest common divisor of 7684 and 16724?
452
Calculate the highest common divisor of 15488 and 2048.
128
Calculate the highest common factor of 99110 and 40.
10
What is the highest common divisor of 6756700 and 100?
100
What is the highest common divisor of 456810 and 60?
30
Calculate the greatest common divisor of 13587 and 10857.
21
What is the greatest common factor of 256 and 32768?
256
What is the greatest common factor of 27 and 776331?
27
Calculate the greatest common divisor of 11616 and 429.
33
Calculate the greatest common divisor of 868 and 70742.
434
What is the highest common factor of 335710 and 210?
10
What is the highest common divisor of 254364 and 656?
164
Calculate the highest common factor of 6032 and 1742.
26
What is the highest common divisor of 33795 and 180?
45
What is the greatest common factor of 859335 and 7768?
971
Calculate the highest common divisor of 56 and 237528.
8
Calculate the greatest common divisor of 394248 and 9.
3
Calculate the highest common divisor of 1812 and 1921324.
604
Calculate the highest common factor of 11575 and 10325.
25
Calculate the greatest common factor of 1608497 and 6572.
1643
Calculate the highest common divisor of 135 and 231405.
15
What is the greatest common divisor of 164574 and 3034?
82
What is the greatest common factor of 132 and 34100?
44
Calculate the highest common factor of 1074276 and 70.
14
What is the greatest common factor of 2 and 530984?
2
What is the greatest common factor of 101 and 39592?
101
What is the highest common divisor of 4266 and 109386?
18
Calculate the greatest common factor of 20 and 2036.
4
Calculate the highest common divisor of 206370 and 240.
30
What is the highest common factor of 14 and 15253?
7
What is the greatest common divisor of 277388 and 1364?
124
What is the highest common factor of 2706 and 2646017?
451
Calculate the highest common factor of 7322 and 2765.
7
Calculate the greatest common divisor of 5600 and 325.
25
What is the highest common divisor of 75809 and 328?
41
Calculate the highest common factor of 15372 and 5544.
252
Calculate the greatest common factor of 37730 and 50.
10
What is the highest common divisor of 618 and 1419546?
618
Calculate the greatest common divisor of 21 and 10010.
7
Calculate the highest common factor of 264 and 15864.
24
Calculate the greatest common divisor of 88473 and 22.
11
What is the highest common divisor of 8372 and 9269?
299
Calculate the greatest common divisor of 5760 and 105.
15
What is the greatest common factor of 10299 and 288?
3
Calculate the greatest common factor of 620 and 4705.
5
What is the highest common divisor of 50063 and 39?
13
What is the greatest common factor of 114 and 78?
6
Calculate the highest common factor of 42666 and 9438.
78
What is the greatest common factor of 3156 and 5176629?
789
What is the greatest common factor of 63 and 28343?
7
What is the highest common divisor of 23686 and 13?
13
Calculate the greatest common divisor of 13098 and 11328.
354
Calculate the highest common factor of 28 and 318598.
14
Calculate the highest common divisor of 9407 and 15951.
409
What is the highest common factor of 13210 and 890?
10
Calculate the highest common divisor of 159 and 31.
1
What is the greatest common divisor of 411 and 82337?
137
Calculate the highest common factor of 40 and 4096280.
40
Calculate the highest common factor of 12 and 21416.
4
What is the highest common divisor of 54 and 204138?
18
What is the greatest common divisor of 9 and 5612436?
9
What is the greatest common factor of 3484 and 16080?
268
Calculate the greatest common divisor of 6727324 and 61.
61
What is the greatest common factor of 6 and 20781?
3
Calculate the greatest common divisor of 23182 and 2076.
346
What is the greatest common factor of 20310 and 8940?
30
What is the highest common factor of 147 and 1046913?
21
Calculate the greatest common factor of 161 and 74704.
161
Calculate the highest common factor of 73528 and 24388.
364
What is the greatest common divisor of 14942 and 82422?
482
Calculate the greatest common factor of 22384 and 304.
16
Calculate the highest common divisor of 1558 and 7954.
82
Calculate the greatest common divisor of 3425 and 48775.
25
Calculate the greatest common divisor of 211 and 908355.
211
What is the highest common divisor of 8284 and 4636?
76
What is the highest common factor of 1272120 and 540?
60
What is the greatest common divisor of 576170 and 70?
70
Calculate the highest common factor of 203 and 12224863.
203
Calculate the highest common divisor of 12 and 8950380.
12
What is the highest common divisor of 232325 and 50?
25
Calculate the greatest common factor of 26333 and 17.
17
What is the greatest common divisor of 220 and 3940?
20
Calculate the greatest common factor of 34983 and 1449.
207
Calculate the greatest common divisor of 4989933 and 234.
117
What is the greatest common factor of 4457684 and 353?
353
What is the highest common factor of 401701 and 127?
127
What is the highest common factor of 2708763 and 17?
17
What is the greatest common factor of 66939 and 150297?
1263
What is the greatest common factor of 1051964 and 948?
316
What is the greatest common factor of 4471278 and 1218?
1218
Calculate the greatest common factor of 15103 and 372083.
1373
What is the greatest common divisor of 582800 and 140?
20
What is the highest common divisor of 436 and 612362?
218
Calculate the greatest common divisor of 69670 and 6.
2
What is the greatest common factor of 50106 and 3?
3
Calculate the highest common divisor of 7404 and 276.
12
Calculate the highest common factor of 3745 and 1120.
35
What is the highest common divisor of 411600 and 120?
120
What is the greatest common divisor of 8900 and 65415?
445
What is the greatest common divisor of 148 and 78773?
37
Calculate the highest common factor of 1924 and 728.
52
Calculate the greatest common factor of 6800 and 13900.
100
Calculate the highest common divisor of 8021981 and 22.
11
What is the greatest common divisor of 1789660 and 860?
860
What is the highest common factor of 2739 and 84494?
83
What is the greatest common factor of 121477 and 331?
331
Calculate the highest common divisor of 23660 and 1260.
140
What is the highest common factor of 10507 and 69362?
79
What is the greatest common factor of 437598 and 19458?
414
Calculate the highest common divisor of 77784 and 6.
6
Calculate the greatest common divisor of 154 and 141130.
22
Calculate the greatest common factor of 323 and 671891.
17
Calculate the highest common factor of 494 and 3536.
26
Calculate the highest common divisor of 17853 and 1402272.
1623
What is the highest common divisor of 353004 and 1104?
276
What is the greatest common divisor of 50 and 2337275?
25
Calculate the highest common factor of 1190755 and 20.
5
What is the greatest common divisor of 64 and 1868?
4
What is the highest common divisor of 342678 and 123?
123
Calcu